= -5*c**3 + 30*c**2 - 5*c + 1. Let d be b(4). Calculate the highest common factor of 5217 and d.
141
Let t = 5527 - 3994. What is the greatest common divisor of 219 and t?
219
Suppose -10*u + 3*p + 1348 = -8*u, -2712 = -4*u + 2*p. What is the greatest common divisor of u and 1080?
40
Let p = 21367 + -17332. What is the highest common divisor of 90 and p?
15
Let o = -8186 - -8304. What is the greatest common factor of o and 9440?
118
Suppose 15*c = 702 + 2373. What is the highest common factor of c and 18245?
205
Let k = -6 - -8. Suppose 2*a - t + 7 = 7*a, k*a - 5*t - 19 = 0. Let j be -3*a/(2 - 4). What is the greatest common factor of 24 and j?
3
Suppose -5*o = 5*d - 20, 0*d = -5*d. Let l = -73624 + 73748. Calculate the highest common divisor of o and l.
4
Suppose -39*s - 106*s + 65987 = 6*s. What is the greatest common factor of 115 and s?
23
Suppose -2*b - k + 264 = k, 132 = b + 5*k. Let z = -31 + 35. What is the greatest common factor of z and b?
4
Let d(c) be the first derivative of -c**3/3 - 17*c**2/2 - 9*c + 15. Let m be d(-14). What is the highest common factor of 154 and m?
11
Suppose 2*m - 1552 = -5*b, 0 = b + 2*m - 0*m - 312. Let k = b + -292. What is the highest common factor of k and 14?
2
Let q = -2402 - -2447. What is the greatest common divisor of 4005 and q?
45
Let d = 72 + -6. Suppose 13*h - 6 = 72. What is the highest common factor of d and h?
6
Suppose -84*a + 193621 + 83243 = 0. What is the greatest common divisor of a and 309?
103
Suppose -22*s + 1840 = -6*s. What is the highest common factor of 23 and s?
23
Let r(y) = -y**3 + 6*y**2 + 22*y - 17. Let s be r(7). Let q be (2/(-10))/(6/(-330)). Calculate the greatest common divisor of q and s.
11
Let p be -18*2/10*(-330)/9. Calculate the greatest common divisor of p and 120.
12
Let l be (-32)/464 - (-26840)/638. Calculate the greatest common divisor of l and 987.
21
Let u(f) = -15*f + 102. Let h be u(14). Let t = h - -109. What is the highest common divisor of t and 2?
1
Let z be 21/(-14)*-2*17. Let t be 66/(-9)*2/((-44)/1683). What is the greatest common factor of t and z?
51
Suppose -5*y - 4*d = -4994, 3*y - 4*d - 1107 = 1915. Suppose 0 = -5*m + 5*r + 990, 5*m + 39 - y = -4*r. Calculate the greatest common factor of 15 and m.
15
Let k(l) = -9*l**3 - 5*l**2 - 6*l + 2. Let o be k(-2). Let v = -63 + o. Calculate the highest common factor of v and 6.
3
Suppose -2*m - u = -0*u + 617, m - u + 310 = 0. Let h = 336 + m. Calculate the highest common factor of 3 and h.
3
Let n(m) = 2*m + 8. Let w be n(0). Let f be ((-8)/10)/((-2)/5). Suppose -f*i = -70 - 58. What is the highest common divisor of w and i?
8
Suppose o = 12*s - 9*s - 4, -2*s + 31 = 5*o. What is the highest common factor of 543 and s?
3
Let w = 1920 - 2218. Let d = w + 308. Let x = 13 + -3. Calculate the highest common divisor of d and x.
10
Let i = 12 + -10. Suppose 3*u = 8*u - 270. Suppose -3*x + u = 39. Calculate the highest common factor of x and i.
1
Let z = -48800 - -73232. Calculate the greatest common divisor of 16 and z.
16
Let r(b) = b**3 + 3*b**2 - 3*b - 1. Let z be r(-3). Let d = -121 - -233. Suppose -32*o + 28*o + d = 0. Calculate the highest common factor of z and o.
4
Let r = 14345 + -14285. Let x be (-42 + -3)/((-6)/8). Calculate the greatest common factor of r and x.
60
Suppose 8 - 60 = -4*c. Suppose -5*b = 3622*r - 3619*r - 3415, -5*r = -2*b + 1428. Calculate the highest common factor of c and b.
13
Suppose 0 = -4*t - 6*l + 700, -32*t + 2*l + 932 = -27*t. What is the greatest common divisor of 216 and t?
8
Suppose 23*v - 997 - 38 = 0. What is the greatest common divisor of v and 735?
15
Let p(q) = 7*q**2 + q + 2. Let x be p(2). Let t(z) = 7*z + 227. Let h be t(12). Suppose 306*s = h*s - 40. What is the highest common divisor of s and x?
8
Suppose 10*x - 11*x = 69. Let o = x - -90. Suppose -2*d = 4*k - 42 - 244, -445 = -3*d + 2*k. Calculate the highest common factor of o and d.
21
Suppose 3*i - 720 = -i. Suppose 0 = 359*p - 383*p + 480. What is the highest common factor of i and p?
20
Let n be 44/4 + 0 - 2010/(-15). Calculate the highest common divisor of 20 and n.
5
Let h(j) = -2*j**3 + 26*j**2 + 112*j - 774. Let y be h(15). Calculate the greatest common divisor of 4098 and y.
6
Let x(y) = -2*y**2 - 16*y + 800. Let q be x(16). Calculate the highest common factor of q and 1792.
32
Let f be 51*6/((-216)/(-60)). What is the greatest common divisor of 102 and f?
17
Suppose -4*a = -8*a - 9*a. Suppose -9*l - 192 + 660 = a. What is the greatest common divisor of 130 and l?
26
Let u be 63 + -19 + (12 - 2). Let s(a) = -a**3 + 10*a**2 + 2*a + 7. Let r be s(10). Calculate the highest common factor of r and u.
27
Suppose 7 = -2*i + 3. Let a be i/((-24)/2586) + 9/6. What is the highest common divisor of 31 and a?
31
Let r be (33/11)/(1*-1). Let t be (5150/(-15))/10 - (-2)/r. Let j = 47 + t. Calculate the greatest common factor of 156 and j.
12
Let d = 4068 - 4020. What is the highest common divisor of 1152 and d?
48
Let a be (224592/45)/8 - 36/(-270). Calculate the greatest common factor of 88 and a.
8
Suppose 9*f - 10*f + t = -171, 0 = -f + 2*t + 167. What is the highest common factor of f and 161?
7
Suppose 0 = 6*m - 11*m. Suppose m = -65*h + 72*h - 133. Calculate the greatest common divisor of 76 and h.
19
Let r(i) = 11*i**3 + 3*i**2 - i - 1. Let j be r(3). Let l = -1364 + 1384. Calculate the greatest common divisor of j and l.
20
Let c be (16/4)/((-3)/6*-4). Let o be ((-7)/c)/((-20)/40). Suppose -b - o*b + 224 = 0. What is the highest common divisor of b and 7?
7
Suppose -2070*z + 2036*z + 1020 = 0. Suppose -4*k - 525 = -9*k. What is the greatest common factor of k and z?
15
Suppose 0 = c - 2 - 7. Suppose -j - q + 14 = -c, 4*j - 5*q = 101. Suppose l - 78 = -3*m + 4*l, 2*l + j = m. Calculate the greatest common divisor of 7 and m.
7
Suppose 0 = -22*k - 1014 + 4534. Calculate the greatest common divisor of 2360 and k.
40
Suppose -2*u + 27 - 163 = -3*b, 0 = 4*u + 20. Let x be (-72)/27*(-21)/4. Calculate the greatest common factor of b and x.
14
Let a(p) = 459*p - 4. Let n(d) = 2*d - 1. Let r(g) = -a(g) - 4*n(g). Let l be r(-1). What is the highest common divisor of 19 and l?
19
Suppose -5*r - 38 + 92 = -3*q, q = -3*r + 24. What is the highest common factor of r and 67?
1
Let l(p) = p**2 + 14*p + 13. Let m be (-2)/((-16)/12)*-148. Let x be 2/(-10) - m/(-15). Let j be l(x). Calculate the greatest common divisor of 4 and j.
4
Let p = -275 - -271. Let h be 226/2 + (0 - p/(-4)). What is the highest common factor of h and 14?
14
Let z = -12 - -44. Let j be 512/12*15/20. What is the greatest common divisor of j and z?
32
Suppose 150 = 3*v - 3*f - 3, -107 = -2*v + f. Suppose -3*m - 4*r = -21, -3*m - 2*r + 18 + 3 = 0. What is the highest common divisor of v and m?
7
Suppose -6*u + 5*u = -5*x - 3755, 5*u - 2*x = 18729. Suppose -u - 2035 = -5*a + 5*r, 3*r - 5748 = -5*a. Calculate the greatest common divisor of 18 and a.
18
Suppose -2*l - 3*t = 3*l - 1562, -3*l = -4*t - 943. Let f = -241 + l. What is the greatest common divisor of f and 504?
72
Suppose 36*t + 3*a = 33*t, 0 = 4*t + a - 24. Let x be (2/(-4))/((-1)/52). Calculate the greatest common divisor of x and t.
2
Let i(s) = s**3 + 13*s**2 - 28*s + 30. Let v be i(-15). Suppose 7*d - 149 + 9 = v. Calculate the greatest common factor of d and 5.
5
Let q = -82 - -76. Let b be q/(((-6)/8)/(-3)). Let r be (1/4)/(b/(-672)). Calculate the highest common divisor of 21 and r.
7
Let z be -3 + 2 + (2 - -8). Let h(t) = 5*t**2 - 34*t - 18. Suppose -8*r + 15*r = 63. Let q be h(r). Calculate the greatest common factor of q and z.
9
Let o = -311 - -311. Suppose 2*h - 2*b - 54 = o, 0*b + b + 51 = 2*h. What is the highest common divisor of 64 and h?
8
Let z(s) = 2*s**2 - 51*s + 586. Let w be z(10). Calculate the highest common factor of 483 and w.
69
Suppose 87*g - 508 - 185 = 264. Let t = 468 + -204. Calculate the greatest common factor of g and t.
11
Let y be 16/12 + -1 + (-77)/(-21). Suppose -y*k - 5*f = -84, 5*k - 2*f - 84 + 12 = 0. What is the highest common factor of 22 and k?
2
Let t(p) = -p**2 - 9*p + 17. Let k be t(-12). Let x = -19 - k. Suppose 10 + 23 = a + 3*y, x = -3*a + y + 69. Calculate the highest common factor of 24 and a.
24
Let d = -569 + 1224. Suppose 3*y - 631 = -2